ist the prime factors of g.
13
Suppose 5*s - 10 = -4*u, 0 = -s - 0*u - u + 2. Suppose z + 27 = s*z. Suppose 2*d = -d + z. List the prime factors of d.
3
Suppose 0 = -3*h + 2*i + 558, 4*h - 758 = -i - i. What are the prime factors of h?
2, 47
Let f = 48 + -34. Let j = -8 + f. Let o = 0 + j. What are the prime factors of o?
2, 3
Suppose -4*w = 2*x - 104, -2*w + 7 = -4*x - 45. Let l = w + -10. What are the prime factors of l?
2
What are the prime factors of (-2430)/(-25) - (-4)/(-20)?
97
Suppose 4*u - 5*j - 81 = 78, 0 = -3*j - 9. List the prime factors of u.
2, 3
Suppose 2*x = -2*t + t + 10, 4*x - 10 = 3*t. Let a be ((-32)/(-12))/(t/6). Suppose 0 = s + 4*s - 2*p - 23, 0 = -s - 3*p + a. List the prime factors of s.
5
Suppose 5 = 3*u + 14. List the prime factors of (-2)/u*(-153)/(-6).
17
Suppose -19 = -3*h - 7. Suppose h*y - 28 = -3*i - i, -2*y = -3*i + 11. Suppose i*k - 23 = 12. What are the prime factors of k?
7
Let n = -36 - -81. List the prime factors of n.
3, 5
Let p(z) = z**2 + 4*z. Let i = -8 - -3. Let r be p(i). Suppose -4*q + 62 = -5*c, -3*c + 26 = r*q - 33. What are the prime factors of q?
13
Let x = 4 - 5. Let u = 15 + x. List the prime factors of u.
2, 7
Let q(s) = s + 57. What are the prime factors of q(-14)?
43
Let p(v) = -v**2 - 8*v - 3. List the prime factors of p(-6).
3
Let p(d) = 2*d**3 - 2*d**2 - 4*d + 4. Let b be 16/6 + 5/15. What are the prime factors of p(b)?
2, 7
Let w(i) = -i**2 + 6*i + 2. Let a be w(6). Suppose -2*d - 5*l = -3*d + 4, -2*d - 3*l + 8 = 0. What are the prime factors of d/((-12)/(-15)) - a?
3
Let z(p) = p + 11. Let w be z(-8). Suppose 2*f = w*v - 77 - 32, -f + 138 = 4*v. What are the prime factors of v?
5, 7
Let k(c) = c**2 + 2*c + 7. Let s be k(5). Let q = s - 28. What are the prime factors of q?
2, 7
Suppose -4*o + j = 6*j - 23, -4*j + 16 = 2*o. Let r(a) be the first derivative of a**4/2 - a**3 + a**2 + a + 1. List the prime factors of r(o).
3
Let i(c) = -c**2 + 6*c. Let n be i(6). Suppose -2*z - 2*z + 40 = n. List the prime factors of z.
2, 5
Let c(j) = -j**3 - 9*j**2 + 10*j + 1. Let l be c(-10). Suppose q - 10 = l. What are the prime factors of q?
11
Let n(y) = 8*y + 14. List the prime factors of n(6).
2, 31
What are the prime factors of 0/3 - (-86)/2?
43
Let v be 84/10 - (-4)/(-10). Suppose -4*n - 2*w - 3*w = -34, -16 = -4*n + 4*w. List the prime factors of (n/v)/((-1)/(-4)).
3
Suppose 0*u + 3*u - 6 = 0. Let i be -34*3*(-3)/18. Suppose -u*f = -i - 5. List the prime factors of f.
11
Let q(n) = 82*n**2. What are the prime factors of q(1)?
2, 41
Let j(u) = u**2 + 5*u + 177. List the prime factors of j(0).
3, 59
Suppose -5*d + 239 = 3*w, 3*w + 144 = 3*d + 5*w. Suppose 5*z - m - 75 = 0, 5*z + 3*m = d + 29. What are the prime factors of z?
3, 5
Suppose 7 = 3*d - 8. Suppose d*u = -0*u. Suppose -5*y + 4 + 12 = 2*s, 5*y + 4*s - 12 = u. What are the prime factors of y?
2
Let w(p) = 2*p**2 + 3*p. Let d be w(-2). Suppose 0*i = -d*i + 2*t, 0 = -t + 3. Suppose -f + 2 = 0, 5*f - 13 = -i*q + 6. What are the prime factors of q?
3
Suppose -4*x = -p + 6, -2*x + 5*p = 13 - 1. Let s(i) be the third derivative of i**5/30 - i**4/12 - i**3/6 - 4*i**2. List the prime factors of s(x).
3
Let s = 31 + -23. Let z = 10 + -15. Let x = s + z. List the prime factors of x.
3
Let x = -16 + 7. What are the prime factors of (x - -2)/((-1)/5)?
5, 7
Suppose 88 = -3*w + 5*w. List the prime factors of w.
2, 11
Suppose 0*d + 3*d = -3. List the prime factors of 22/(1 - 3)*d.
11
Let l(f) be the third derivative of f**4/2 + f**3/3 + 3*f**2. List the prime factors of l(3).
2, 19
Suppose 3*a + 14 + 1 = 0. Let g(d) = d**3 + 6*d**2 - 2*d + 5. Let c be g(a). List the prime factors of 3/(-2)*c/(-6).
2, 5
Let p = 3 - -14. List the prime factors of p.
17
Let n = 9 - 7. Suppose n*o + u = -5, 0 = 3*u + 18 - 3. Suppose 2*p = -o*p + 24. What are the prime factors of p?
2, 3
Let h = 14 + -14. Suppose -3*t = -h*t - 24. List the prime factors of t.
2
Let w be (-8)/3 - (-2)/(-6). Let g be 4/(-2) - (1 + w). Suppose 3*i - 7*i + 40 = g. What are the prime factors of i?
2, 5
Let m(u) = 4*u. List the prime factors of m(6).
2, 3
Suppose 24 = 2*i - 3*k - 6, i = 3*k + 21. Suppose 5*q = i*q - 48. List the prime factors of q.
2, 3
Suppose 0 = 4*x - 64 - 168. What are the prime factors of x?
2, 29
List the prime factors of 372 + 0/(3*(-6)/9).
2, 3, 31
Let a(g) = -19*g + 19*g + 2*g**2 + 1. What are the prime factors of a(-2)?
3
Let y(u) = 11*u + 6. Let d be (1/(-3))/(3/(-27)). List the prime factors of y(d).
3, 13
Suppose 9 - 4 = -5*u. List the prime factors of 16 - (-2 + (-1)/u).
17
Suppose -2*q - p + 105 = 0, 2*q + 3*p + 43 = 154. Suppose -q = -5*x + 3*t, 7 = 4*t - 5. What are the prime factors of x?
2, 3
Suppose -4*g = -2*o + 34, 0 = -o - 7*g + 3*g + 29. List the prime factors of o.
3, 7
Suppose -4*b = -5*y - 33, -y - 4*y - 21 = 2*b. Let p be (1 - -2)*b/3. Suppose 18 = 2*m - 0*k - k, -m = -4*k - p. List the prime factors of m.
2, 5
Let w = -153 - -234. Suppose z = -2*z + w. Suppose -z = -5*f + 58. What are the prime factors of f?
17
Suppose 3*d - 4*d + 150 = 0. What are the prime factors of d?
2, 3, 5
Let p(b) = -b**2 + 15*b + 2. Let h be p(15). Suppose 2*u = 2*l - 0*u - 126, -h*u = l - 54. What are the prime factors of l?
2, 3, 5
Suppose 5*s - 3*r = 25, -4*r - 11 = 2*s - r. List the prime factors of s.
2
Let f(p) = 8*p - 12. What are the prime factors of f(7)?
2, 11
Suppose 8 = 2*a, -2*i - 4*a + 33 + 17 = 0. What are the prime factors of i?
17
Suppose 5*o = -h + 31, 0 = -3*o - 7 - 5. List the prime factors of h.
3, 17
Let n(v) = -v - 5. Let l be n(-9). Suppose 5*o = l*b + 26 + 34, 3*o - 29 = b. List the prime factors of o.
2
Let r(q) = q**3 - 12*q**2 + 11*q + 3. Let s(j) = -j**3 + 9*j**2 + 10*j + 11. Let t be s(10). What are the prime factors of r(t)?
3
Suppose -3*m = -982 + 406. What are the prime factors of m?
2, 3
Suppose 0 = -4*o + 121 - 49. Suppose -o = q - 4*q. List the prime factors of q.
2, 3
Let z(d) = 12*d**3 + 2*d - 1. What are the prime factors of z(1)?
13
Let m be 2/5 - (-65)/25. Suppose 5 = m*c - 28. What are the prime factors of (c - 2)*(-1 - -2)?
3
Let f(j) = -j + 3. Let t(v) = v**2 - 1. Let m be t(-2). Let p be f(m). Suppose z = 7 - p. List the prime factors of z.
7
Let z(n) = -17*n**3 + 2*n**2 + 2*n + 1. Let o be z(-1). Suppose 0 = -3*r + 2*r + o. List the prime factors of r.
2, 3
Suppose 0 = -x - 0*x - 6. Let u = 8 - x. List the prime factors of u.
2, 7
Let r(s) = -50*s + 10. List the prime factors of r(-3).
2, 5
Suppose -2*h + 3*h = 41. What are the prime factors of h?
41
Suppose -4*p = -8, 2*i + 2*i - 138 = 5*p. What are the prime factors of i?
37
Let a(f) = f**2 - 3. Let b be a(4). Suppose 5*j = 4*v - 30, 2*j = j - 3*v + b. List the prime factors of (-3)/(-3)*j*-10.
2, 5
Let c(m) = -m**2 - 8*m - 5. Let p be c(-5). Let a(o) = -o**3 + 11*o**2 - 9*o - 7. What are the prime factors of a(p)?
3
Suppose -4*u - 128 = -4*c, 5*u = 3*u - 2. What are the prime factors of c?
31
Let r be 1/(-2 - (-1)/1). Let x(i) = i**3 + i**2 + i + 1. Let z be x(0). What are the prime factors of z - (-1)/(r/(-8))?
3
Let s = -20 - -16. Suppose 2*y = -2*c + 23 + 9, c - 8 = y. Let d = c + s. List the prime factors of d.
2
Let k(x) = 2 - 2*x**2 + 4*x**2 - 6*x - 2 - 2. What are the prime factors of k(5)?
2, 3
Let o(v) = v**2 - 2*v - 1. Let a be o(-1). Let z be 4/((-24)/9)*a. Let s = 21 + z. List the prime factors of s.
2, 3
Let d(u) = -6*u - 19. What are the prime factors of d(-11)?
47
Let q(n) = -n**2 + 11*n + 2. Let m(x) = -2*x**2 + 21*x + 4. Let c(p) = 3*m(p) - 5*q(p). What are the prime factors of c(7)?
3
Let f(l) = -3*l + 7. Suppose -x = 2*x, h + 7 = -4*x. Let a be f(h). Suppose -3*j = -j - a. What are the prime factors of j?
2, 7
Let b(q) = -q**3 + 16*q**2 - 12*q - 8. What are the prime factors of b(15)?
37
Let j(y) = 4*y**2 - y - 7. Let c(d) = d**2 + d + 1. Let w(q) = 3*c(q) - j(q). Let a be w(7). What are the prime factors of 1 - 1 - (a - -1)?
2, 5
Let a(r) = r + 10. Let i be a(-9). List the prime factors of 0 - i - (-1 - 6).
2, 3
Suppose 5*t - 6*a - 2126 = -2*a, -t = -3*a - 434. List the prime factors of t.
2, 211
What are the prime factors of (-2)/11 - (-17)/((-1122)/(-8460))?
2
What are the prime factors of -1 + -2 + 4 + 455/7?
2, 3, 11
Let s be (48/20)/(-1)*-45. List th